hest common factor of 2542 and 190747867?
1271
Calculate the highest common factor of 3750 and 25532625.
375
What is the greatest common divisor of 648 and 13580712?
72
Calculate the highest common divisor of 616 and 187487608.
616
What is the greatest common factor of 20 and 21134295?
5
Calculate the highest common factor of 758517 and 11178.
69
Calculate the greatest common factor of 12854963 and 15884.
209
Calculate the highest common factor of 1860456 and 4984.
712
What is the highest common factor of 207220 and 23452?
52
What is the highest common factor of 84344 and 325?
13
What is the highest common factor of 2563 and 212061455?
233
What is the greatest common factor of 304 and 12677484?
76
What is the greatest common divisor of 2624 and 33904048?
656
Calculate the highest common factor of 399 and 2538060.
21
What is the highest common divisor of 150510 and 178350?
870
What is the greatest common factor of 318 and 377766?
6
Calculate the highest common factor of 94 and 60616.
2
Calculate the highest common divisor of 240 and 2793480.
120
Calculate the greatest common divisor of 27829 and 1645185.
1637
Calculate the highest common factor of 644445068 and 1310.
262
What is the highest common divisor of 13201958 and 472?
118
Calculate the greatest common factor of 34413434 and 880.
22
What is the greatest common divisor of 1278822 and 19519?
131
What is the greatest common divisor of 345 and 169179996?
69
Calculate the greatest common divisor of 60 and 2693560.
20
What is the highest common divisor of 732 and 7793787?
183
Calculate the greatest common divisor of 6820789 and 172.
43
Calculate the highest common divisor of 1879347 and 5529.
57
What is the highest common divisor of 976 and 3410000?
16
What is the highest common factor of 66948 and 5077212?
84
What is the greatest common divisor of 30761 and 252115537?
1619
What is the greatest common factor of 44 and 245356?
4
What is the greatest common divisor of 1371 and 110833011?
1371
Calculate the greatest common divisor of 1626984 and 26196.
708
Calculate the greatest common divisor of 1037 and 129693.
17
What is the highest common divisor of 47402 and 3550479?
173
Calculate the highest common factor of 2438145 and 1.
1
What is the highest common divisor of 275 and 1385703?
11
Calculate the greatest common divisor of 1780 and 14116735.
445
Calculate the greatest common divisor of 3576 and 398087472.
3576
Calculate the greatest common factor of 11704882 and 287.
7
What is the highest common divisor of 454519 and 13?
13
Calculate the greatest common divisor of 229431646 and 4.
2
Calculate the highest common factor of 29044299 and 402.
201
Calculate the greatest common divisor of 260401 and 10682.
109
What is the highest common factor of 16028 and 8824?
4
What is the highest common divisor of 6789 and 17989920?
93
What is the greatest common factor of 6052887 and 989?
23
What is the greatest common divisor of 2117666 and 10146?
178
What is the highest common divisor of 28992 and 13598456?
1208
What is the highest common factor of 332133108 and 3967?
3967
What is the highest common divisor of 204 and 58328?
4
Calculate the highest common factor of 768 and 1415112.
24
Calculate the highest common divisor of 2493030 and 40.
10
Calculate the highest common divisor of 11854293 and 1551.
1551
Calculate the greatest common divisor of 422793 and 21546.
189
What is the greatest common factor of 1716 and 8630193?
429
Calculate the highest common divisor of 32793680 and 85.
85
Calculate the highest common divisor of 98658 and 127764.
378
What is the highest common factor of 87228 and 783702?
18
Calculate the greatest common factor of 11940 and 46145115.
2985
What is the highest common factor of 19920 and 15770400?
240
What is the greatest common divisor of 12 and 3449389?
1
What is the greatest common factor of 5049 and 33704319?
561
What is the greatest common divisor of 177612060 and 47?
47
Calculate the greatest common divisor of 4207214 and 374.
22
What is the greatest common factor of 40112 and 211984?
16
What is the highest common divisor of 178570136 and 32?
8
Calculate the greatest common divisor of 37259 and 2228915.
53
What is the greatest common divisor of 4022872272 and 144?
144
What is the highest common divisor of 10187 and 18849?
61
Calculate the highest common factor of 4725 and 129339.
63
What is the greatest common divisor of 177504177 and 3093?
3093
Calculate the highest common factor of 1290 and 1157010.
30
Calculate the greatest common divisor of 3377160 and 6156.
108
What is the highest common divisor of 35052 and 496697?
127
What is the greatest common divisor of 4800 and 5437200?
1200
What is the greatest common divisor of 11506051 and 7443?
827
What is the greatest common divisor of 1962915 and 19260?
1605
Calculate the greatest common divisor of 280633 and 6989.
29
Calculate the greatest common factor of 25935728 and 1316.
1316
What is the greatest common divisor of 47065488 and 2676?
2676
What is the highest common factor of 1177890 and 7?
7
What is the highest common divisor of 140607 and 14603?
17
Calculate the highest common divisor of 154 and 3059924.
14
Calculate the greatest common factor of 7799 and 2960075.
709
What is the greatest common factor of 7566271 and 617?
617
What is the greatest common divisor of 2480 and 4011920?
80
Calculate the highest common divisor of 260756 and 5930812.
5548
Calculate the highest common divisor of 30914 and 2179970.
1066
Calculate the highest common divisor of 3677285 and 128905.
635
What is the greatest common divisor of 164 and 17224?
4
Calculate the greatest common divisor of 78 and 164340592.
26
Calculate the highest common factor of 2961 and 49272489.
63
Calculate the greatest common divisor of 2056530 and 2730.
210
What is the highest common divisor of 19 and 486797?
1
What is the highest common divisor of 804732 and 228?
12
What is the highest common factor of 367816284 and 13068?
4356
Calculate the highest common divisor of 1386071 and 1339.
103
What is the greatest common factor of 22399936 and 676?
676
Calculate the greatest common factor of 8774805 and 268515.
3315
Calculate the greatest common divisor of 85137498 and 9144.
2286
What is the greatest common divisor of 4266837 and 9072?
81
What is the highest common divisor of 1888440 and 97080?
120
Calculate the highest common factor of 6897975 and 6300.
525
Calculate the highest common factor of 17934710 and 230.
230
Calculate the greatest common divisor of 19429310 and 63690.
1930
Calculate the highest common factor of 15572790 and 964090.
4210
Calculate the greatest common divisor of 260 and 128745110.
130
Calculate the greatest common factor of 474230 and 119062.
2018
What is the greatest common factor of 6301811 and 2965?
593
What is the greatest common factor of 50648977 and 4253?
4253
Calculate the greatest common factor of 993 and 100488621.
993
Calculate the highest common divisor of 17720 and 516538.
886
What is the greatest common divisor of 478842 and 272496?
42
Calculate the greatest common factor of 304023 and 120.
3
What is the highest common factor of 333100 and 550?
50
What is the greatest common divisor of 302105 and 828215?
355
Calculate the greatest common divisor of 119255 and 33235.
1955
What is the highest common divisor of 234 and 1210158?
18
Calculate the highest common factor of 43312 and 43872.
16
Calculate the greatest common factor of 151 and 33159449.
151
Calculate the greatest common divisor of 221250 and 285550.
50
What is the greatest common divisor of 3658 and 1372246?
62
What is the highest common divisor of 126 and 5374922?
14
What is the highest common factor of 2560 and 92335616?
512
What is the highest common divisor of 822366 and 763584?
582
What is the greatest common divisor of 1553 and 181837664?
1553
Calculate the greatest common divisor of 596416 and 80.
16
Calculate the highest common factor of 92 and 3695134.
46
What is the highest common divisor of 2279 and 275501?
43
Calculate the highest common factor of 12130740 and 17670.
570
Calculate the highest common divisor of 34824 and 210395.
1451
Calculate the highest common factor of 25539255 and 15.
15
What is the greatest common divisor of 178011156 and 48?
12
Calculate t